- 20*i - 27. Calculate z(13).
51
Let x(g) = -2*g**3 - 8*g**2 + 20*g - 5. What is x(-6)?
19
Let w(t) = 51*t - 97. Determine w(2).
5
Let c(t) = 7767*t + 15522. Determine c(-2).
-12
Let l(g) = g**2 + 58*g + 907. Give l(-42).
235
Let x(k) = 231*k + 206. Calculate x(2).
668
Let g(b) = -3*b**3 + 3*b**2 + 2*b + 26. What is g(-6)?
770
Let f(n) = -n**3 + 22*n**2 - 39*n - 18. What is f(20)?
2
Let u(m) = -3*m**3 + 53*m**2 + 8*m + 168. Determine u(18).
-12
Let w(f) = -4*f**3 - 48*f**2 - 13*f + 7. Give w(-12).
163
Let b(d) = -34*d**2 + 3968*d + 1166. Give b(117).
-4
Let w(m) = 92*m**2 - 2209*m + 21. Calculate w(24).
-3
Let s(o) = o**2 - 22*o - 139. Calculate s(-6).
29
Let t(l) = -6*l**2 + l + 32. What is t(4)?
-60
Let b(g) = g**2 - 291*g + 4059. What is b(15)?
-81
Let w(l) = -108*l - 2237. Give w(-21).
31
Let a(u) = -3*u**2 + 53*u - 185. Calculate a(12).
19
Let s(a) = a**3 + a**2 + a + 10. What is s(-3)?
-11
Let r(u) = -5898*u + 41291. Calculate r(7).
5
Let b(j) = 15*j**2 + 2051*j - 552. Calculate b(-137).
-4
Let o(w) = 2*w**3 - 17*w**2 - 45*w + 141. Give o(10).
-9
Let g(q) = -q**3 + 17*q**2 + 17*q + 36. What is g(18)?
18
Let k(g) = -g**2 + 28*g - 184. What is k(11)?
3
Let x(i) = 2*i**3 - 42*i**2 + 185*i + 5. Give x(8).
-179
Let a(s) = s**3 + 55*s**2 - 289*s + 668. Calculate a(-60).
8
Let d(i) = -226*i**3 - 12*i**2 + i + 12. Calculate d(-1).
225
Let o(l) = 4*l**2 - 29*l + 51. Determine o(8).
75
Let l(s) = 65*s - 12156. Determine l(187).
-1
Let h(a) = a**3 - 18*a**2 + 5*a - 173. Determine h(15).
-773
Let x(u) = -12*u - 291. Determine x(-14).
-123
Let z(d) = d**3 - 12*d**2 - 231*d - 116. Give z(-10).
-6
Let f(z) = -z**2 + 48*z + 4. Give f(47).
51
Let p(m) = -m**2 - 277*m + 4392. What is p(15)?
12
Let y(t) = t**2 + 32*t + 6. Determine y(-27).
-129
Let k(h) = -5*h**3 + h**2 - 6*h + 11. What is k(0)?
11
Let h(o) = 12*o**3 - 191*o**2 - 7*o - 144. What is h(16)?
0
Let c(z) = 26*z + 712. Determine c(-26).
36
Let s(u) = u**2 - 260*u - 1786. Give s(-7).
83
Let w(k) = k**3 - 4*k**2 - 14*k - 2. Give w(9).
277
Let m(y) = 79*y + 7744. What is m(-98)?
2
Let w(c) = c**3 + 7*c**2 + 7*c + 5. Determine w(-4).
25
Let h(q) = q**2 - 90*q + 1725. Calculate h(28).
-11
Let b(c) = -119*c - 1653. Give b(-14).
13
Let y(a) = a**3 + 14*a**2 + 24*a - 7. Give y(-12).
-7
Let c(t) = -t**3 + 57*t**2 - 152*t - 37. Determine c(3).
-7
Let o(h) = -1670*h - 11691. Calculate o(-7).
-1
Let r(g) = 14*g + 28. What is r(-8)?
-84
Let t(w) = -2*w**3 - 619*w**2 - 313*w - 1251. Give t(-309).
-15
Let s(q) = q**3 + 21*q**2 - 20*q + 23. Determine s(-22).
-21
Let n(d) = -12*d - 91. Determine n(-5).
-31
Let l(c) = c**3 + 166*c**2 - 508*c + 9. What is l(3)?
6
Let j(n) = -63*n + 9821. Calculate j(156).
-7
Let d(i) = 16*i**2 + 83*i - 62. Give d(-6).
16
Let g(t) = -83*t + 424. Give g(5).
9
Let a(f) = 3*f**2 + 64*f - 172. Give a(-23).
-57
Let r(a) = -478*a - 6293. Determine r(-13).
-79
Let n(p) = 5*p**2 + 592*p + 248. Give n(-118).
12
Let h(t) = t**2 - 247*t + 7247. Give h(34).
5
Let q(s) = -2*s**2 - 117*s - 176. Give q(-57).
-5
Let a(d) = d**3 - 12*d**2 - 86*d - 16. Give a(17).
-33
Let u(x) = -x**2 + 3*x + 197. Give u(16).
-11
Let x(w) = 443*w + 2647. Determine x(-6).
-11
Let f(y) = y**2 + 17*y - 2. Calculate f(-17).
-2
Let t(w) = -3*w**2 - 17*w + 141. Give t(-10).
11
Let y(o) = 98*o + 956. Calculate y(-7).
270
Let w(u) = -u**3 + 18*u**2 + 90*u - 65. Determine w(22).
-21
Let w(s) = s**3 - 40*s**2 - 21*s - 652. Give w(41).
168
Let k(z) = 6*z**2 - 96*z + 33. Determine k(16).
33
Let l(i) = -134*i + 646. What is l(5)?
-24
Let t(m) = 12*m**2 - m + 8. Determine t(-3).
119
Let k(i) = -i**2 + 124*i - 1022. What is k(115)?
13
Let o(c) = -c**3 - 8*c**2 + 19*c + 79. Give o(-6).
-107
Let s(w) = w**3 + 52*w**2 + 13*w + 5. Give s(0).
5
Let w(d) = d**2 + 1066*d + 4246. What is w(-4)?
-2
Let u(s) = 6*s**2 - 268*s - 110. What is u(45)?
-20
Let t(n) = -n**2 + 17*n - 11. What is t(15)?
19
Let y(x) = x**3 - 21*x**2 + 28*x + 19. What is y(20)?
179
Let n(h) = h**3 + 64*h**2 - 118*h + 932. Calculate n(-66).
8
Let h(i) = i**3 - 17*i**2 + 56*i + 61. Calculate h(6).
1
Let w(t) = -2031*t + 12162. Give w(6).
-24
Let w(u) = 2*u**2 - 45*u - 104. Calculate w(24).
-32
Let s(p) = -2*p**2 - 19*p - 2. Give s(0).
-2
Let p(w) = -w**3 + 22*w**2 + 59*w - 245. Calculate p(24).
19
Let a(p) = 4*p**3 - 50*p**2 + 17*p + 87. What is a(12)?
3
Let x(w) = w**3 - 8*w**2 + 6*w - 68. What is x(6)?
-104
Let s(i) = -2*i**2 - 37*i - 38. Give s(-15).
67
Let p(i) = i**2 + 20*i - 157. What is p(-18)?
-193
Let w(r) = r**2 - 80*r + 697. Give w(10).
-3
Let g(j) = -6*j**2 + 28*j + 6. Calculate g(6).
-42
Let a(h) = -205*h - 19674. Determine a(-96).
6
Let a(p) = p**3 + 18*p**2 - p + 60. What is a(-18)?
78
Let r(f) = -160*f - 1131. Determine r(-8).
149
Let x(c) = 3*c + 65. Calculate x(-7).
44
Let d(j) = 3*j**3 + 26*j**2 - 19*j - 43. What is d(-9)?
47
Let i(z) = z**3 + 6*z**2 - 6*z - 27. Give i(-7).
-34
Let w(o) = 259*o + 16566. Calculate w(-64).
-10
Let g(a) = -43*a - 424. Determine g(-7).
-123
Let p(a) = 2753*a + 22019. Calculate p(-8).
-5
Let z(v) = 12*v**2 - 48*v + 17. Determine z(7).
269
Let k(a) = a**3 - 17*a**2 + 43*a - 188. Calculate k(15).
7
Let n(k) = 25*k + 255. What is n(-9)?
30
Let t(l) = -321*l - 968. Give t(-3).
-5
Let o(d) = -d**3 - 13*d**2 + 67*d + 544. Calculate o(-15).
-11
Let o(s) = -2251*s + 101297. Determine o(45).
2
Let t(d) = d**2 + 102*d + 1018. Determine t(-12).
-62
Let t(c) = 137*c - 811. Calculate t(5).
-126
Let y(u) = 2*u**2 + 22*u - 484. Calculate y(17).
468
Let x(s) = 2593*s - 18161. What is x(7)?
-10
Let p(a) = -267*a - 528. What is p(-2)?
6
Let v(x) = 24*x - 643. What is v(29)?
53
Let b(u) = u**3 + 2*u**2 + 10*u - 58. What is b(0)?
-58
Let l(v) = 17*v**2 - 8. Give l(2).
60
Let o(b) = -4*b**3 - 29*b**2 - 5*b - 7. What is o(-7)?
-21
Let k(t) = 2*t**3 - 26*t**2 + 11*t - 1047. Calculate k(15).
18
Let q(h) = -h**3 - 93*h**2 - 527*h - 405. Calculate q(-87).
30
Let s(f) = f**2 + 101*f + 587. Calculate s(-95).
17
Let r(u) = u**3 + 5*u**2 - 46*u - 157. What is r(6)?
-37
Let s(w) = -w**2 + 58*w - 400. What is s(16)?
272
Let y(g) = 2*g**3 - 2*g**2 + 7*g + 6. Give y(0).
6
Let h(y) = 288*y + 3466. Determine h(-12).
10
Let c(q) = 4*q**3 - 65*q**2 + 14*q + 21. Determine c(16).
-11
Let z(a) = 36*a**2 + 2*a - 2. Determine z(1).
36
Let s(j) = -460*j**2 + 1833*j + 5. What is s(4)?
-23
Let w(d) = -d**3 - 28*d**2 - 135*d - 64. Determine w(-22).
2
Let v(g) = -2*g**2 - 45*g - 116. Calculate v(-19).
17
Let r(v) = v**3 - 26*v**2 - 31*v + 11. Give r(27).
-97
Let l(m) = 18*m - 314. Give l(17).
-8
Let d(g) = -2*g + 4. Calculate d(-4).
12
Let f(w) = -2*w**2 - 37*w - 92. Determine f(-14).
34
Let d(s) = 44*s**2 + 5*s + 28. What is d(-3)?
409
Let w(t) = t**3 - 5*t**2 - 151*t - 27. Calculate w(-10).
-17
Let a(m) = 2*m**3 - 12*m**2 - 23*m + 87. What is a(7)?
24
Let z(j) = 1535*j + 53751. What is z(-35)?
26
Let x(y) = y**3 - y**2 - y + 28. Give x(-4).
-48
Let q(j) = -j**3 + 18*j**2 - 3*j + 419. Give q(19).
1
Let n(k) = 413*k - 423. Determine n(3).
816
Let m(w) = -2*w**2 + 14*w + 135. Give m(13).
-21
Let i(u) = -48*u**3 - u**2 - 6*u + 5. Determine i(1).
-50
Let p(s) = 3*s**3 + 20*s**2 + 42*s + 318. Determine p(-7).
-25
Let v(j) = -12*j**3 + 341*j - 342. Determine v(1).
-13
Let b(z) = 24*z - 23. Calculate b(-13).
-335
Let k(h) = 804*h - 4046. Calculate k(5).
-26
Let q(w) = 2*w + 52. Determine q(-3).
46
Let b(n) = -n**3 - 13*n**2 - 21*n - 182. What is b(-14)?
308
Let u(d) = 21*d + 214. What is u(-11)?
-17
Let v(r) = 7*r - 447. What is v(65)?
8
Let w(s) = -2*s**3 - 6*s**2 + 16. Determine w(-4).
48
Let f(j) = 2*j**3 + 5*j**2 - 7*j + 4. Calculate f(-4).
-16
Let u(q) = -2*q**3 + 10*q**2 + 175*q - 79. Calculate u(12).
5
Let o(w) = 34*w**2 + 121*w + 12. Determine o(-4).
72
Let l(r) = 6*r**2 - 82*r + 19. Calculate l(14).
47
Let c(s) = s**2 + 1020*s - 4079. Determine c(4).
17
Let b(u) = -4*u + 5. Give b(-6).
29
Let k(c) = 7*c + 31. Give k(0).
31
Let m(u) = -u**3 + 74*u**2 + 478*u + 177. Determine m(80).
17
Let k(s) = 36*s**3 + 4*s**2 - 8*s + 6. Give k(1).
38
Let r(g) = -g + 39. Calculate r(-8).
47
Let v(s) = -s**2 - 30*s - 180. Calculate v(-8).
-4
Let q(n) = -17*n - 83. Give q(-19).
240
Let h(z) = -18*z**2 + 156*z + 12. Determine h(9).
-42
Let c(w) = -w**2 + 323*w + 1967. Calculate c(